 - s**3/3 + 3*s. Let k(f) be the second derivative of r(f). What is k(-4)?
-7
Let g(s) = -s**3 + s**2 + 2*s - 2. Let f(i) = -i - 4. Let t be ((-6)/8)/((-2)/16). Suppose a = -0*a - t. Let u be f(a). Determine g(u).
-2
Let v be 4/10 + 6/10. Let k(m) = 5*m**3 - m**2 + 1. What is k(v)?
5
Let d(r) = -4*r**3. Suppose -m = -0*z + 2*z - 1, -2*z - 3 = 5*m. Calculate d(z).
-4
Let i be ((-2)/(-4))/((-3)/12). Let d = i + 2. Let l(y) = -1 + 2*y - 2*y + y**3. What is l(d)?
-1
Let h(x) = -7 + x - x - x. Let b be h(-10). Let r(s) = s**3 - 3*s**2 - s - 1. What is r(b)?
-4
Suppose 5*j + 5 = 6*j. Let u(t) be the third derivative of 2*t**2 + 0*t**3 - 1/24*t**4 + 0*t + 0 - 1/20*t**j. Calculate u(-1).
-2
Let i(d) be the second derivative of -1/144*d**6 - d + 0*d**3 + 0*d**2 + 0 - 1/12*d**4 - 1/40*d**5. Let v(y) be the third derivative of i(y). Calculate v(-2).
7
Let a(s) = 2*s**3 + 0*s - 5 + 2*s - s**2 - s**3. Let j(w) = -w**3 - w + 6. Let v(r) = 3*a(r) + 2*j(r). Let n = 1 + 1. Determine v(n).
1
Let k(s) = -s - 3*s - 51 + 55. Suppose -2*c - 1 = -7. Calculate k(c).
-8
Let f = 3 + -1. Let w(z) = z + 2. Let j(u) be the second derivative of u**3/6 + u**2 + 3*u. Let r(k) = f*w(k) - 3*j(k). What is r(-5)?
3
Let a(m) = -m**2 + 3*m + 4. Let j(f) = -f**3 - 7*f**2 + 9*f + 11. Let i be j(-8). Suppose -5*z - i = -23. Give a(z).
0
Let t(c) = -c**3 - 3*c**2 - c - 2. Let y be t(-3). Let s(o) = 2*o. Determine s(y).
2
Let x(o) = o - 15. Suppose 4*q + y = 39, 36 = 2*q - y + 9. Let d be x(q). Let s(z) = z**2 + 4*z - 1. Give s(d).
-1
Let z = -36 + 35. Let m(t) = -10*t**3 + t. Calculate m(z).
9
Let r(z) = -32*z**2 + 62*z**2 - 2*z - 1 + 5*z**3 - 30*z**2. What is r(-1)?
-4
Let d(o) be the third derivative of 3*o**2 + 0*o**5 + 0 + 1/24*o**4 - 1/120*o**6 + 0*o - 4/3*o**3. Give d(0).
-8
Let t be (-36)/(-3)*2/(-4). Suppose -5 = 5*f - 30. Let n(l) = f*l**2 + 4 - 6*l - 1 + l**3 + 0. Calculate n(t).
3
Let l be ((-1)/(-1))/(-1) + -1. Let x(h) = -h. Let q(m) be the first derivative of -m**2/2 - m - 3. Let i(b) = q(b) + 2*x(b). Give i(l).
5
Suppose 2 = -x + 5*l, 3*l - 6 = 2*x + x. Let g(i) = i - 2. Let j be g(5). Let t(f) = f**j + f + 0 - 2 + 1 + 3*f**2. Calculate t(x).
1
Suppose -c + 14 = 4*m, 4*m - 2*c - 22 = -7*c. Let i(k) = 0*k - 5*k + m*k. What is i(-3)?
6
Suppose -7 = 10*s - 3*s. Let y(m) = 4 - 3 + 2*m + 3*m + 2*m. Give y(s).
-6
Suppose 15 = 3*n + 2*n. Suppose -4*a + 0*a = 3*t - 27, -6 = -n*t + 3*a. Let s(v) = v**2 - 5*v. What is s(t)?
0
Suppose -4*r - o = 3*o - 44, 5*o = -2*r + 37. Let s(n) = n. Give s(r).
6
Let t(g) = 5*g**3 - g**2. Suppose 7*o + 0 = -7. Calculate t(o).
-6
Let a(k) = -k. Let n(p) = -p**2 - 4. Let l(u) = 5*a(u) - n(u). Let z be l(5). Let g(r) = 2*r + 4*r - 3*r - z*r + 7. Determine g(4).
3
Let p(c) be the first derivative of -2 + 3/2*c**2 - 2/3*c**3 + 4*c. Give p(3).
-5
Let d(q) be the first derivative of q**4/4 - 4*q**3/3 + 5*q**2/2 - 4*q + 4. What is d(3)?
2
Suppose -7*x - 8 = 13. Let c(f) = -f**2 - 2*f - 2. What is c(x)?
-5
Let z(k) = -k**3 + 4*k**2 - 3*k + 6. Suppose 0 = 2*v - 0 - 8. Determine z(v).
-6
Let m(k) = -k**3 + 6*k**2 + k - 4. Let w be m(6). Let a(i) = -4*i**2 + 13*i - 1. Let g(h) = -h**2 + 3*h. Let z(d) = w*a(d) - 9*g(d). What is z(3)?
4
Let t(q) be the second derivative of q**5/20 + 5*q**4/12 - q**3/6 - 3*q**2/2 - 11*q. What is t(-4)?
17
Let d(j) = j - 1. Let z(r) = r + 2. Let f(y) = -2*d(y) - z(y). Give f(1).
-3
Let i(b) = b**2 + 3*b. Suppose -5 = -o, 4*o + 7 = h + 5*o. Suppose -h*c - c = 0, -5*k = 4*c + 30. Let n = k - -3. Determine i(n).
0
Let z be 21/6*8/14. Let f(s) = s. Determine f(z).
2
Suppose -w + 1 = 3*i, -3*w - i + 13 - 2 = 0. Let f(g) = 0*g**3 + w*g - g**3 - 2*g. Calculate f(2).
-4
Let z(b) be the third derivative of -b**4/24 + 7*b**3/6 - 4*b**2. Calculate z(5).
2
Let s be (-1 + 4 - 0)*1. Let d(x) = -3*x**3 + x**2 - 1. Let c(g) be the first derivative of g**4/2 + 7. Let z(i) = 4*c(i) + 3*d(i). Calculate z(s).
-3
Let o(h) = 2*h**2 + 3*h + 1. Let i(w) = 2*w - 38. Let c be i(18). Give o(c).
3
Let k(n) be the second derivative of n**5/20 - 5*n**4/12 + n**3/2 + n**2 + 13*n. Let p be 1*(5 + 0 + -1). Determine k(p).
-2
Let a(w) be the third derivative of w**6/120 + 7*w**5/60 - w**3 - 3*w**2. Calculate a(-7).
-6
Suppose -2*j + 3*j + 2 = 0. Let h(t) = t - 3. Let o(y) = 2*y - 7. Let r(w) = j*o(w) + 5*h(w). What is r(1)?
0
Let w(d) = 4*d**3 + 22*d**2 - 7*d - 19. Let k = 16 - 23. Let o(h) = -3*h**3 - 15*h**2 + 5*h + 13. Let n(m) = k*o(m) - 5*w(m). Give n(5).
4
Suppose c + 5*j + 14 = 1, -3*j = 3*c + 15. Let n be (-1 + c)*(-3)/(-6). Let p(b) = b**3 + 3*b**2 - b - 1. What is p(n)?
5
Let o(n) = n - 9. Let p(b) = 13*b**3 + 2*b**2 + 3*b + 1. Let g be p(-1). Let m = g + 20. Calculate o(m).
-2
Let q(g) = -g + 5. Suppose -6 - 2 = 2*h. What is q(h)?
9
Let z be ((-2)/2)/((-81)/21 + 4). Let p(y) = 6 + 7 - y + 2*y. Determine p(z).
6
Let a(t) = -t - 2. Suppose 0 = 4*c + 5*x - 36, -2*x + 12 = 2*c - c. Suppose -s = 5*q - 5*s + 9, 2*q - 2 = -c*s. Give a(q).
-1
Suppose 0 = 2*y - 2*n - 1 - 1, 0 = -3*n + 3. Let z(t) = -t**2 + 0*t**2 + 0*t**2 + t - 3 + 4. Determine z(y).
-1
Let k = 4 + -7. Let q(b) be the third derivative of -b**5/60 - b**4/8 - 2*b**2. Calculate q(k).
0
Let f(w) = w**2 + 4*w + 5. Suppose -4*k - 2*o - 26 = 0, 7*k - 3*k = -o - 23. Determine f(k).
10
Let t(m) = -2*m**2 - 2*m + 3. Suppose 2*b - b = 4*c + 13, 0 = 2*c + 8. What is t(b)?
-9
Let l(j) = -j + 2. Let a be l(-5). Let q(n) = 2*n**2 - 12*n + 8. Let r(t) = t**2 - 6*t + 4. Let v(h) = a*r(h) - 4*q(h). Determine v(4).
4
Let c be -1 + 4 + -1 - 1. Let o = -7 + c. Let u(p) = p**3 + 7*p**2 + 6*p - 7. Determine u(o).
-7
Let o be 88/77*14/4. Let n(t) = -t**2 - t - o + 0*t - 7*t. Give n(-6).
8
Let b(j) = j**3 - 2*j**2 - 3*j. Let m(v) = -v. Let l(n) = -b(n) + 5*m(n). Suppose 4*t - 7 = 5. Suppose t = -2*f + 7. What is l(f)?
-4
Let y be 4*(-1 - 0) + 2. Let p(r) = r**2 + 5*r + 1. Determine p(y).
-5
Let q(l) = l**2 + l - 2. Let b be q(2). Suppose -b = -4*r - 4*m, -m + 0 = 2*r - 3. Let h(o) = -r + 4 + 7*o**2 - 3. Determine h(-1).
6
Suppose h = -2 - 0, 4*r = -h + 22. Let q = 1 - r. Let k(w) = -w**3 - w. Let y(j) = -5*j**3 - 6*j**2 - 10*j - 6. Let b(m) = 4*k(m) - y(m). Give b(q).
1
Suppose -3*x = -8 - 7. Let s(z) = -z**2 + z + 1. Let w(a) = 6*a**2 - 10*a + 2. Let u(o) = 5*s(o) + w(o). Calculate u(x).
7
Let z(s) be the first derivative of -s**3/3 + s**2 + 2*s + 6. Calculate z(5).
-13
Let s(p) = p**2 - p - 5. Let f(x) = x**2 - 2*x. Let n be f(2). Calculate s(n).
-5
Let u(o) = -3*o + 3*o - 4*o. Let z be 156/10 - 8/(-20). Suppose 0 = 4*n - 5*d - 12, -5*n = 2*d + z + 2. Calculate u(n).
8
Let o(d) = -d + 9. Let v(s) = 2*s - 10. Let j(r) = 3*o(r) + 2*v(r). Calculate j(0).
7
Suppose 2*q - 2 - 22 = 5*l, 2*q + 2*l = 10. Let b(k) = k - 8. Calculate b(q).
-1
Let u(o) = o - 2. Let g be u(5). Let j = 4 - g. Let y(m) be the third derivative of -m**6/120 + m**5/30 - m**4/24 - 16*m**2. Determine y(j).
0
Let z be ((-12)/15)/((-3)/15). Suppose -z*m = m. Let p(y) = y - 1. Determine p(m).
-1
Let q(m) = -m**2 - 6*m - 4. Let w be -4*-1*(-1)/(-2). Let n(g) = -4 - g**w - 2*g + 0*g - 4*g. Let y(o) = -4*n(o) + 5*q(o). Calculate y(-5).
1
Let l be (-3)/(-2) - (-1)/2. Let y(s) = 2*s**2 - 3 + 0*s**2 + 6 - 2*s. Determine y(l).
7
Let p(i) be the first derivative of 1 + 1/2*i**2 + i. Determine p(-5).
-4
Let p(w) = -w**3 - 7*w**2 + 9*w + 5. Suppose -5*c - 16 = 24. Calculate p(c).
-3
Let k(v) be the second derivative of v**4/12 + 5*v**3/6 - 3*v**2/2 - 13*v. Determine k(-6).
3
Let x(r) be the first derivative of -3*r**2/2 + 9*r - 6. What is x(6)?
-9
Let m = 6 - 4. Suppose 2*o + m*r = -r + 9, -2*o + r + 13 = 0. Let j(u) = -u**2 + 5*u + 4. Give j(o).
-2
Let d(x) = 2*x**2 + 2*x. Let k be d(-2). Suppose a + k = -2*u - 1, 2*u + 17 = 3*a. Let j(l) = 2*l + a*l - 4*l + 2. What is j(4)?
6
Let u(v) = 9*v - 6. Let j(a) = -10*a + 7. Let c(x) = 5*j(x) + 6*u(x). Let h be 1/((-2)/(-4)*2). What is c(h)?
3
Suppose 2*b + 0 = -4. Let a(m) = -5*m - 1. Let w(s) = s + s - s + 0. Let n(g) = a(g) + 6*w(g). Calculate n(b).
-3
Suppose -2*o - 3*o + 10 = 0. Let l(y) = -10*y**3 - 4 - 5 - o*y**2 + 10. Calculate l(-1).
9
Suppose 2*h + 2*h = 0. Let s(r) = -r**2 - 2*r**2 + h*r**2 - r**3 + 0*r**3 - 4. Calculate s(-3).
-4
Let m be (7/(-2) - 0)*-4. Suppose -3*o + m = 5. Let x(f) = -2*f**2 - 2*f 